{"id":4164,"date":"2025-04-28T12:34:27","date_gmt":"2025-04-28T10:34:27","guid":{"rendered":"https:\/\/nudebymyskin.fr\/home\/?post_type=product&#038;p=4164"},"modified":"2025-04-28T13:52:30","modified_gmt":"2025-04-28T11:52:30","slug":"gel-lavant-2-en-1-corps-cheveux","status":"publish","type":"product","link":"https:\/\/nudebymyskin.fr\/home\/produit\/gel-lavant-2-en-1-corps-cheveux\/","title":{"rendered":"Gel lavant 2 en 1 Corps &#038; Cheveux"},"content":{"rendered":"<p>Gel lavant Corps &amp; Cheveux au parfum enivrant et rafra\u00eechissant, destin\u00e9 aux hommes.<\/p>\n<p>Nettoie le corps et les cheveux tout en pr\u00e9servant leur douceur.<br \/>\nRenforce et donne du volume aux cheveux.<\/p>\n<p>Appliquer sur cheveux et corps humides, faire mousser et rincer.<\/p>\n<p>&nbsp;<\/p>\n<p>Pour une routine de soins compl\u00e8te pour hommes, nous recommandons d&rsquo;ajouter<\/p>\n<p>le Gel Visage au Zinc &amp; l&rsquo;Huile \u00e0 Barbe Adoucissante.<\/p>\n","protected":false},"excerpt":{"rendered":"<p>Gel lavant Corps &amp; Cheveux au parfum enivrant et rafra\u00eechissant, destin\u00e9 aux hommes. Nettoie le corps et les cheveux tout en pr\u00e9servant&hellip;<\/p>\n","protected":false},"featured_media":4178,"comment_status":"closed","ping_status":"closed","template":"","meta":[],"product_cat":[185],"product_tag":[189,187,130,188,186,152],"class_list":{"0":"post-4164","1":"product","2":"type-product","3":"status-publish","4":"has-post-thumbnail","6":"product_cat-produits-hommes","7":"product_tag-corps-et-cheveux","8":"product_tag-gel-douche","9":"product_tag-nettoyant","10":"product_tag-shampoing","11":"product_tag-soins-du-corps","12":"product_tag-tous-types-de-peaux","14":"first","15":"instock","16":"shipping-taxable","17":"purchasable","18":"product-type-simple"},"jetpack_sharing_enabled":true,"_links":{"self":[{"href":"https:\/\/nudebymyskin.fr\/home\/wp-json\/wp\/v2\/product\/4164","targetHints":{"allow":["GET"]}}],"collection":[{"href":"https:\/\/nudebymyskin.fr\/home\/wp-json\/wp\/v2\/product"}],"about":[{"href":"https:\/\/nudebymyskin.fr\/home\/wp-json\/wp\/v2\/types\/product"}],"replies":[{"embeddable":true,"href":"https:\/\/nudebymyskin.fr\/home\/wp-json\/wp\/v2\/comments?post=4164"}],"version-history":[{"count":2,"href":"https:\/\/nudebymyskin.fr\/home\/wp-json\/wp\/v2\/product\/4164\/revisions"}],"predecessor-version":[{"id":4169,"href":"https:\/\/nudebymyskin.fr\/home\/wp-json\/wp\/v2\/product\/4164\/revisions\/4169"}],"wp:featuredmedia":[{"embeddable":true,"href":"https:\/\/nudebymyskin.fr\/home\/wp-json\/wp\/v2\/media\/4178"}],"wp:attachment":[{"href":"https:\/\/nudebymyskin.fr\/home\/wp-json\/wp\/v2\/media?parent=4164"}],"wp:term":[{"taxonomy":"product_cat","embeddable":true,"href":"https:\/\/nudebymyskin.fr\/home\/wp-json\/wp\/v2\/product_cat?post=4164"},{"taxonomy":"product_tag","embeddable":true,"href":"https:\/\/nudebymyskin.fr\/home\/wp-json\/wp\/v2\/product_tag?post=4164"}],"curies":[{"name":"wp","href":"https:\/\/api.w.org\/{rel}","templated":true}]}}