{"id":4330,"date":"2026-02-06T11:08:15","date_gmt":"2026-02-06T10:08:15","guid":{"rendered":"https:\/\/nudebymyskin.fr\/home\/?post_type=product&#038;p=4330"},"modified":"2026-02-06T15:30:01","modified_gmt":"2026-02-06T14:30:01","slug":"tonique-exfoliant-a-lacide-glycolique","status":"publish","type":"product","link":"https:\/\/nudebymyskin.fr\/home\/produit\/tonique-exfoliant-a-lacide-glycolique\/","title":{"rendered":"Tonique exfoliant \u00e0 l&rsquo;acide glycolique"},"content":{"rendered":"<p>Solution exfoliante douce enrichie en acide glycolique \u00e0 5 %, con\u00e7ue pour \u00e9liminer les accumulations de peau et favoriser l&rsquo;apparition d&rsquo;un teint plus uniforme.<br \/>\nSes propri\u00e9t\u00e9s permettent \u00e0 la peau d&rsquo;appara\u00eetre plus lisse et plus lumineuse \u00e0 chaque utilisation.<\/p>\n<p>Int\u00e9grez notre exfoliant liquide \u00e0 l&rsquo;acide glycolique dans votre gamme de soins pour offrir une solution avanc\u00e9e pour une peau plus lisse et plus \u00e9clatante.<\/p>\n<p>Appliquer plusieurs fois par semaine le soir sur une peau propre et s\u00e8che.<\/p>\n","protected":false},"excerpt":{"rendered":"<p>Solution exfoliante douce enrichie en acide glycolique \u00e0 5 %, con\u00e7ue pour \u00e9liminer les accumulations de peau et favoriser l&rsquo;apparition d&rsquo;un teint&hellip;<\/p>\n","protected":false},"featured_media":4331,"comment_status":"closed","ping_status":"closed","template":"","meta":[],"product_cat":[100,99],"product_tag":[242,228,219,238,241,237,239,243,179,214,240],"class_list":{"0":"post-4330","1":"product","2":"type-product","3":"status-publish","4":"has-post-thumbnail","6":"product_cat-produits-nettoyant","7":"product_cat-produits-hydratant","8":"product_tag-acide-glycolique-principes-actifs","9":"product_tag-all-skin-types-types-de-peau","10":"product_tag-betaine-principes-actifs","11":"product_tag-elimine-les-accumulations","12":"product_tag-exfoliant-type","13":"product_tag-exfolie","14":"product_tag-favorise-lapparition-dun-teint-plus-uniforme","15":"product_tag-pca-de-sodium-principes-actifs","16":"product_tag-soins-du-visage","17":"product_tag-taches-sombres-inquietude","18":"product_tag-toner-type","20":"first","21":"instock","22":"shipping-taxable","23":"purchasable","24":"product-type-simple"},"jetpack_sharing_enabled":true,"_links":{"self":[{"href":"https:\/\/nudebymyskin.fr\/home\/wp-json\/wp\/v2\/product\/4330","targetHints":{"allow":["GET"]}}],"collection":[{"href":"https:\/\/nudebymyskin.fr\/home\/wp-json\/wp\/v2\/product"}],"about":[{"href":"https:\/\/nudebymyskin.fr\/home\/wp-json\/wp\/v2\/types\/product"}],"replies":[{"embeddable":true,"href":"https:\/\/nudebymyskin.fr\/home\/wp-json\/wp\/v2\/comments?post=4330"}],"version-history":[{"count":2,"href":"https:\/\/nudebymyskin.fr\/home\/wp-json\/wp\/v2\/product\/4330\/revisions"}],"predecessor-version":[{"id":4381,"href":"https:\/\/nudebymyskin.fr\/home\/wp-json\/wp\/v2\/product\/4330\/revisions\/4381"}],"wp:featuredmedia":[{"embeddable":true,"href":"https:\/\/nudebymyskin.fr\/home\/wp-json\/wp\/v2\/media\/4331"}],"wp:attachment":[{"href":"https:\/\/nudebymyskin.fr\/home\/wp-json\/wp\/v2\/media?parent=4330"}],"wp:term":[{"taxonomy":"product_cat","embeddable":true,"href":"https:\/\/nudebymyskin.fr\/home\/wp-json\/wp\/v2\/product_cat?post=4330"},{"taxonomy":"product_tag","embeddable":true,"href":"https:\/\/nudebymyskin.fr\/home\/wp-json\/wp\/v2\/product_tag?post=4330"}],"curies":[{"name":"wp","href":"https:\/\/api.w.org\/{rel}","templated":true}]}}