{"id":4373,"date":"2026-02-06T12:53:35","date_gmt":"2026-02-06T11:53:35","guid":{"rendered":"https:\/\/nudebymyskin.fr\/home\/?post_type=product&#038;p=4373"},"modified":"2026-02-06T12:54:49","modified_gmt":"2026-02-06T11:54:49","slug":"concentre-peeling-aha","status":"publish","type":"product","link":"https:\/\/nudebymyskin.fr\/home\/produit\/concentre-peeling-aha\/","title":{"rendered":"Concentr\u00e9 Peeling AHA"},"content":{"rendered":"<p>Enrichi en acide lactique, il contribue \u00e0 \u00e9liminer les cellules mortes et \u00e0 favoriser le renouvellement cellulaire, r\u00e9v\u00e9lant ainsi une peau fra\u00eeche et \u00e9clatante.<br \/>\nAm\u00e9liore l\u2019aspect des peaux ternes et fatigu\u00e9es, att\u00e9nue les taches pigmentaires et les ridules. <\/p>\n<p>L\u2019acide hyaluronique veille \u00e0 ce que votre peau reste hydrat\u00e9e et souple tout au long du processus d\u2019exfoliation. <\/p>\n<p>Appliquez le soir sur une peau pr\u00e9alablement nettoy\u00e9e et laissez agir toute la nuit. Utilisation 1 \u00e0 2\u00a0fois par semaine. <\/p>\n<p>\u00c9vitez l\u2019exposition directe au soleil apr\u00e8s utilisation.<br \/>\nVeillez \u00e0 toujours utiliser une protection solaire.<\/p>\n","protected":false},"excerpt":{"rendered":"<p>Enrichi en acide lactique, il contribue \u00e0 \u00e9liminer les cellules mortes et \u00e0 favoriser le renouvellement cellulaire, r\u00e9v\u00e9lant ainsi une peau fra\u00eeche&hellip;<\/p>\n","protected":false},"featured_media":4374,"comment_status":"closed","ping_status":"closed","template":"","meta":[],"product_cat":[99],"product_tag":[235,228,257,256,241,166,247,179,214],"class_list":{"0":"post-4373","1":"product","2":"type-product","3":"status-publish","4":"has-post-thumbnail","6":"product_cat-produits-hydratant","7":"product_tag-acide-hyaluronique-principes-actifs","8":"product_tag-all-skin-types-types-de-peau","9":"product_tag-apporte-de-leclat","10":"product_tag-effet-lissant","11":"product_tag-exfoliant-type","12":"product_tag-exfoliant-hydratant","13":"product_tag-imperfections-inquietude","14":"product_tag-soins-du-visage","15":"product_tag-taches-sombres-inquietude","17":"first","18":"instock","19":"shipping-taxable","20":"purchasable","21":"product-type-simple"},"jetpack_sharing_enabled":true,"_links":{"self":[{"href":"https:\/\/nudebymyskin.fr\/home\/wp-json\/wp\/v2\/product\/4373","targetHints":{"allow":["GET"]}}],"collection":[{"href":"https:\/\/nudebymyskin.fr\/home\/wp-json\/wp\/v2\/product"}],"about":[{"href":"https:\/\/nudebymyskin.fr\/home\/wp-json\/wp\/v2\/types\/product"}],"replies":[{"embeddable":true,"href":"https:\/\/nudebymyskin.fr\/home\/wp-json\/wp\/v2\/comments?post=4373"}],"version-history":[{"count":1,"href":"https:\/\/nudebymyskin.fr\/home\/wp-json\/wp\/v2\/product\/4373\/revisions"}],"predecessor-version":[{"id":4376,"href":"https:\/\/nudebymyskin.fr\/home\/wp-json\/wp\/v2\/product\/4373\/revisions\/4376"}],"wp:featuredmedia":[{"embeddable":true,"href":"https:\/\/nudebymyskin.fr\/home\/wp-json\/wp\/v2\/media\/4374"}],"wp:attachment":[{"href":"https:\/\/nudebymyskin.fr\/home\/wp-json\/wp\/v2\/media?parent=4373"}],"wp:term":[{"taxonomy":"product_cat","embeddable":true,"href":"https:\/\/nudebymyskin.fr\/home\/wp-json\/wp\/v2\/product_cat?post=4373"},{"taxonomy":"product_tag","embeddable":true,"href":"https:\/\/nudebymyskin.fr\/home\/wp-json\/wp\/v2\/product_tag?post=4373"}],"curies":[{"name":"wp","href":"https:\/\/api.w.org\/{rel}","templated":true}]}}