{"id":4426,"date":"2026-04-11T13:36:04","date_gmt":"2026-04-11T11:36:04","guid":{"rendered":"https:\/\/nudebymyskin.fr\/home\/?post_type=product&#038;p=4426"},"modified":"2026-04-11T13:37:22","modified_gmt":"2026-04-11T11:37:22","slug":"brume-visage-prebiotique-microbiome","status":"publish","type":"product","link":"https:\/\/nudebymyskin.fr\/home\/produit\/brume-visage-prebiotique-microbiome\/","title":{"rendered":"Brume Visage Pr\u00e9biotique Microbiome"},"content":{"rendered":"<p>Formule l\u00e9g\u00e8re qui procure une sensation d&rsquo;hydratation et de fra\u00eecheur et aide \u00e0 r\u00e9tablir l&rsquo;\u00e9quilibre naturel de la peau.<br \/>\nInfus\u00e9e de pr\u00e9biotiques, elle aide \u00e0 prot\u00e9ger la barri\u00e8re cutan\u00e9e et \u00e0 se d\u00e9fendre contre les agressions ext\u00e9rieures.<br \/>\nParfaite pour fixer le maquillage ou pour rafra\u00eechir la peau en milieu de journ\u00e9e.<\/p>\n<p>\u00c0 combiner avec : Parfait en duo avec notre s\u00e9rum gel\u00e9e aux pr\u00e9biotiques.<\/p>\n","protected":false},"excerpt":{"rendered":"<p>Formule l\u00e9g\u00e8re qui procure une sensation d&rsquo;hydratation et de fra\u00eecheur et aide \u00e0 r\u00e9tablir l&rsquo;\u00e9quilibre naturel de la peau. Infus\u00e9e de pr\u00e9biotiques,&hellip;<\/p>\n","protected":false},"featured_media":4427,"comment_status":"closed","ping_status":"closed","template":"","meta":[],"product_cat":[99],"product_tag":[235,228,232,220,252,251,202,233,234,203,179,236],"class_list":{"0":"post-4426","1":"product","2":"type-product","3":"status-publish","4":"has-post-thumbnail","6":"product_cat-produits-hydratant","7":"product_tag-acide-hyaluronique-principes-actifs","8":"product_tag-all-skin-types-types-de-peau","9":"product_tag-barriere-cutanee-endommagee-inquietude","10":"product_tag-blanche-couleur-de-lemballage","11":"product_tag-brume-pour-le-visage-type","12":"product_tag-effet-calmant","13":"product_tag-hydrate-et-rafraichit-la-peau","14":"product_tag-peaux-deshydratees-inquietude","15":"product_tag-prebiotiques-principes-actifs","16":"product_tag-protege-la-barriere-cutanee","17":"product_tag-soins-du-visage","18":"product_tag-transparente-couleur-de-lemballage","20":"first","21":"instock","22":"shipping-taxable","23":"purchasable","24":"product-type-simple"},"jetpack_sharing_enabled":true,"_links":{"self":[{"href":"https:\/\/nudebymyskin.fr\/home\/wp-json\/wp\/v2\/product\/4426","targetHints":{"allow":["GET"]}}],"collection":[{"href":"https:\/\/nudebymyskin.fr\/home\/wp-json\/wp\/v2\/product"}],"about":[{"href":"https:\/\/nudebymyskin.fr\/home\/wp-json\/wp\/v2\/types\/product"}],"replies":[{"embeddable":true,"href":"https:\/\/nudebymyskin.fr\/home\/wp-json\/wp\/v2\/comments?post=4426"}],"version-history":[{"count":1,"href":"https:\/\/nudebymyskin.fr\/home\/wp-json\/wp\/v2\/product\/4426\/revisions"}],"predecessor-version":[{"id":4429,"href":"https:\/\/nudebymyskin.fr\/home\/wp-json\/wp\/v2\/product\/4426\/revisions\/4429"}],"wp:featuredmedia":[{"embeddable":true,"href":"https:\/\/nudebymyskin.fr\/home\/wp-json\/wp\/v2\/media\/4427"}],"wp:attachment":[{"href":"https:\/\/nudebymyskin.fr\/home\/wp-json\/wp\/v2\/media?parent=4426"}],"wp:term":[{"taxonomy":"product_cat","embeddable":true,"href":"https:\/\/nudebymyskin.fr\/home\/wp-json\/wp\/v2\/product_cat?post=4426"},{"taxonomy":"product_tag","embeddable":true,"href":"https:\/\/nudebymyskin.fr\/home\/wp-json\/wp\/v2\/product_tag?post=4426"}],"curies":[{"name":"wp","href":"https:\/\/api.w.org\/{rel}","templated":true}]}}